) to base 3.
221221
-f77 (base 16) to base 3
-12102122
What is 1538 (base 9) in base 4?
102101
Convert 234112 (base 5) to base 14.
3225
Convert -277 (base 13) to base 3.
-121011
404 (base 6) to base 7
301
What is 1014 (base 7) in base 15?
189
-425 (base 15) to base 3
-1021122
Convert 72c5 (base 13) to base 11.
10a25
Convert 11852 (base 10) to base 12.
6a38
Convert -100000101110 (base 2) to base 16.
-82e
1515 (base 8) to base 11
6a9
What is -81 (base 16) in base 4?
-2001
Convert 110011000111100 (base 2) to base 11.
18733
10101102120 (base 3) to base 11
46092
110010010111110 (base 2) to base 7
135122
What is -32065 (base 7) in base 3?
-101212221
What is -23a (base 14) in base 5?
-3234
Convert 399 (base 12) to base 14.
2b3
What is -1001111 (base 3) in base 9?
-1044
Convert 32230 (base 4) to base 2.
1110101100
156a (base 12) to base 10
2530
Convert -1421 (base 13) to base 4.
-231110
-b93 (base 15) to base 2
-101000110101
What is -120101110 (base 3) in base 11?
-8478
Convert -28a2 (base 12) to base 15.
-1605
What is 433334 (base 6) in base 13?
13387
-457a (base 14) to base 7
-50113
What is -1210 (base 13) in base 3?
-10111101
What is -120022102 (base 3) in base 2?
-10101110011010
100001100010000 (base 2) to base 9
25485
What is -154 (base 15) in base 10?
-304
Convert 1130 (base 11) to base 8.
2715
-100210 (base 4) to base 12
-744
-3334 (base 5) to base 10
-469
What is -10311 (base 4) in base 10?
-309
1144321 (base 5) to base 9
32852
Convert -5161 (base 11) to base 8.
-15273
Convert 392e (base 15) to base 2.
10111110100010
Convert 112201022 (base 3) to base 8.
24747
What is -100506 (base 8) in base 10?
-33094
Convert 111010 (base 3) to base 5.
2404
Convert 5b8a (base 14) to base 3.
210221112
9d (base 15) to base 13
b5
Convert 10121 (base 3) to base 5.
342
37 (base 11) to base 2
101000
What is 77 (base 13) in base 14?
70
What is 100044 (base 5) in base 10?
3149
100100011001101 (base 2) to base 6
222141
-9514 (base 10) to base 16
-252a
What is 2020212 (base 3) in base 11?
1264
What is -238 (base 10) in base 3?
-22211
Convert -211212 (base 6) to base 8.
-41370
Convert 3fad (base 16) to base 10.
16301
Convert -3080 (base 10) to base 3.
-11020002
111010011 (base 2) to base 11
395
-307 (base 9) to base 3
-100021
What is 23021110 (base 4) in base 2?
1011001001010100
-696 (base 10) to base 15
-316
What is 38a (base 11) in base 9?
562
-32013 (base 5) to base 3
-2221000
-14a (base 14) to base 4
-10012
275 (base 16) to base 5
10004
What is -abb (base 12) in base 3?
-2011122
What is 1000100001011 (base 2) in base 5?
114423
What is 161a (base 11) in base 2?
100000011110
Convert 1441 (base 9) to base 16.
442
What is -446c (base 16) in base 14?
-6552
What is 1988a (base 13) in base 5?
3043200
What is -5102 (base 9) in base 6?
-25132
Convert -102210201 (base 3) to base 12.
-4b91
10331 (base 5) to base 16
2cc
34f (base 16) to base 2
1101001111
Convert 196 (base 14) to base 10.
328
62 (base 7) to base 12
38
What is -732 (base 14) in base 7?
-4062
What is 201d (base 15) in base 11?
5102
-517 (base 16) to base 12
-907
Convert 607 (base 11) to base 14.
3a5
Convert 6325 (base 7) to base 16.
8b0
1001100100110010 (base 2) to base 4
21210302
What is 37231 (base 12) in base 16?
12385
Convert 11021 (base 5) to base 10.
761
-27708 (base 9) to base 12
-aa68
Convert 223444 (base 5) to base 16.
1f3f
-101001101 (base 2) to base 10
-333
What is 21045 (base 7) in base 9?
7083
Convert 44415 (base 10) to base 11.
30408
Convert 11011110111010 (base 2) to base 8.
33672
-2f1 (base 16) to base 6
-3253
Convert 4522 (base 7) to base 10.
1633
What is -54502 (base 8) in base 16?
-5942
Convert 3565 (base 9) to base 14.
d75
3101 (base 4) to base 2
11010001
163 (base 15) to base 13
1b6
What is 16469 (base 11) in base 16?
5a92
Convert -1611 (base 14) to base 10.
-3935
-188 (base 11) to base 2
-11011001
What is 36060 (base 7) in base 6?
111023
6165 (base 11) to base 8
17762
6067 (base 9) to base 14
188b
Convert -2002 (base 3) to base 5.
-211
Convert -8aa5 (base 11) to base 12.
-6b19
What is 1813 (base 9) in base 15?
629
Convert 1048 (base 15) to base 8.
6563
Convert -64354 (base 10) to base 2.
-1111101101100010
What is aac (base 15) in base 14?
c44
What is -6871 (base 10) in base 15?
-2081
What is 111122012 (base 3) in base 4?
2123111
What is 2220101202 (base 3) in base 4?
31331000
4a8 (base 16) to base 9
1564
Convert -20104 (base 5) to base 2.
-10011111111
What is -c3c (base 16) in base 12?
-1990
Convert 53c (base 13) to base 12.
628
Convert -1e81 (base 15) to base 5.
-203041
430 (base 11) to base 6
2221
1a3 (base 11) to base 5
1414
Convert 1848 (base 15) to base 14.
1ca7
537 (base 10) to base 13
324
-8a9 (base 12) to base 2
-10100000001
44c0 (base 15) to base 5
431310
Convert 152a (base 14) to base 4.
322302
-1107 (base 11) to base 4
-112303
What is 3416 (base 11) in base 14?
18d0
Convert -93a5 (base 14) to base 16.
-6355
-100104 (base 8) to base 9
-50034
Convert -800 (base 9) to base 13.
-3ab
Convert -1175 (base 8) to base 11.
-52a
-18b1 (base 13) to base 2
-111001101101
Convert 1d68 (base 14) to base 3.
21101102
What is 111110 (base 3) in base 16?
16b
1623 (base 9) to base 14
644
Convert 1c2 (base 15) to base 8.
627
What is -21000000 (base 3) in base 9?
-7000
What is -122320 (base 5) in base 13?
-21b4
What is -110100101000010 (base 2) in base 13?
-c35a
43444 (base 6) to base 7
23335
1987 (base 16) to base 4
1212013
Convert -303002 (base 4) to base 8.
-6302
-2dd (base 15) to base 14
-350
5916 (base 12) to base 10
9954
-2300 (base 4) to base 5
-1201
Convert 10022303 (base 4) to base 8.
41263
-609 (base 11) to base 10
-735
What is 34241 (base 8) in base 9?
21787
What is 43660 (base 7) in base 3?
120001021
What is 125450 (base 6) in base 8?
26546
What is 156 (base 11) in base 8?
266
What is -11321 (base 5) in base 2?
-1101000100
b123 (base 12) to base 14
6dbd
-1807 (base 14) to base 8
-10337
What is -8851 (base 9) in base 14?
-2542
What is 33e (base 15) in base 10?
734
-48cf (base 16) to base 13
-863a
-1320 (base 7) to base 10
-504
What is 1487 (base 11) in base 6?
12502
What is 1101011110 (base 2) in base 16?
35e
Convert 5014 (base 6) to base 9.
1441
141042 (base 7) to base 15
7e09
What is 251 (base 12) in base 14?
1ad
1b3 (base 12) to base 4
10113
Convert -36883 (base 11) to base 6.
-1045120
What is -3b6a (base 15) in base 12?
-7424
-ad52 (base 16) to base 10
-44370
Convert ba49 (base 12) to base 15.
6120
-5766 (base 12) to base 10
-9726
What is -5374 (base 13) in base 8?
-26503
-10100210 (base 3) to base 15
-ad6
111001100100 (base 2) to base 4
321210
What is 96 (base 13) in base 16?
7b
Convert 3554 (base 8) to base 9.
2541
1441 (base 11) to base 3
2112220
-1277 (base 11) to base 3
-2021101
What is 9608 (base 12) in base 2?
100000000101000
Convert 1348b (base 12) to base 13.
c155
What is 2d48 (base 14) in base 8?
17644
30337 (base 8) to base 10
12511
201a (base 14) to base 10
5512
Convert -4238 (base 9) to base 10.
-3113
What is -14731 (base 8) in base 13?
-3020
1721 (base 9) to base 6
10031
Convert -252 (base 11) to base 13.
-1a0
Convert -228a (base 11) to base 6.
-21522
What is 23389 (base 10) in base 16?
5b5d
Convert 113355 (base 6) to base 14.
3847
4b02 (base 12) to base 4
2010302
Convert 3322311 (base 4) to base 13.
73cb
Convert -1315b (base 12) to base 7.
-136124
Convert 121302 (base 4) to base 8.
3162
1a91 (base 12) to base 16
ccd
Convert 110020 (base 4) to base 13.
781
Convert -295 (base 15) to base 10.
-590
-3354 (base 12) to base 15
-1a3a
What is 1af0 (base 16) in base 4?
1223300
-448 (base 10) to base 7
-1210
What is 1110020 (base 3) in base 4?
100203
Convert 1242 (base 5) to base 3.
21022
What is -16501 (base 10) in base 7?
-66052
What is -55bb (base 12) in base 15?
-2c38
Convert 9cb8 (base 15) to base 4.
20013200
Convert -1b633 (base 13) to base 10.
-53784
-1000100000 (base 2) to base 8
-1040
What is 3433 (base 8) in base 6?
12231
-2a0a (base 12) to base 2
-1001100101010
What is -2163 (base 9) in base 15?
-716
Convert -381 (base 10) to base 9.
-463
27806 (base 9) to base 6
223223
-435 (base 7) to base 4
-3132
What is 918 (base 16) in base 9?
3166
25b (base 15) to base 6
2252
Convert -2688 (base 12) to base 5.
-120144
25bc (base 13) to base 3
21101210
Convert -3861 (base 10) to 